{"id":2069,"date":"2012-05-19T14:13:08","date_gmt":"2012-05-19T12:13:08","guid":{"rendered":"http:\/\/www.historiacocina.com\/es\/?page_id=2069"},"modified":"2012-05-19T15:50:53","modified_gmt":"2012-05-19T13:50:53","slug":"ricardo-plano","status":"publish","type":"page","link":"https:\/\/www.historiacocina.com\/es\/ricardo-plano","title":{"rendered":"Ricardo Plano"},"content":{"rendered":"<p style=\"text-align: left;\" align=\"center\"><a href=\"http:\/\/www.historiacocina.com\/es\/wp-content\/uploads\/2012\/05\/Ricardo-Plano-foto.jpg\"><img decoding=\"async\" loading=\"lazy\" class=\"alignleft size-full wp-image-2080\" title=\"Ricardo Plano Danais\" src=\"http:\/\/www.historiacocina.com\/es\/wp-content\/uploads\/2012\/05\/Ricardo-Plano-foto.jpg\" alt=\"\" width=\"374\" height=\"447\" srcset=\"https:\/\/www.historiacocina.com\/es\/wp-content\/uploads\/2012\/05\/Ricardo-Plano-foto.jpg 374w, https:\/\/www.historiacocina.com\/es\/wp-content\/uploads\/2012\/05\/Ricardo-Plano-foto-251x300.jpg 251w\" sizes=\"(max-width: 374px) 100vw, 374px\" \/><\/a>Correo de contacto: <em><a href=\"mailto:minicord@yahoo.com?subject=Sobre%20la%20cerveza%20en%20Colombia\">minicord@yahoo.com<\/a><\/em><\/p>\n<p style=\"text-align: left;\" align=\"center\"><strong>Sobre Ricardo Plano Danais<\/strong>.<\/p>\n<p style=\"text-align: left;\" align=\"center\">Se puede describir como un coleccionista por naturaleza, amante de los autom\u00f3viles, del automovilismo deportivo y en especial de los rallyes. Vinculado al mundo cervecero desde la cuna.<\/p>\n<p style=\"text-align: left;\" align=\"center\">Con una compleja influencia de su triple nacionalidad de argentino-colombo-canadiense. Naci\u00f3 en Buenos Aires, Argentina, en el a\u00f1o 1948, de padres canadienses, sus primeros once a\u00f1os vividos en el barrio interno de la Cervecer\u00eda Bieckert. Luego la familia se traslada a Bogot\u00e1, Colombia, en donde transcurren sus 41 siguientes a\u00f1os, gradu\u00e1ndose como Ingeniero Civil, se casa, nacen su hijo y su hija. Con la Cervecer\u00eda Andina continua su influencia cervecera. Hoy en d\u00eda vive con su familia en la ciudad de Gatineau en Canad\u00e1.<\/p>\n<p style=\"text-align: left;\" align=\"center\">Tanto su padre Am\u00e9d\u00e9e Plano y su hermano Roberto Plano fueron Maestros Cerveceros, Ingenieros Especializados en Fermentaci\u00f3n de la Universidad de Gante en B\u00e9lgica.<\/p>\n<p style=\"text-align: left;\" align=\"center\">Coleccionista de todo lo relacionado con la cerveza, en este momento solo dedicado a las colecciones de Argentina, Colombia y Panam\u00e1.<\/p>\n","protected":false},"excerpt":{"rendered":"<p>Correo de contacto: minicord@yahoo.com Sobre Ricardo Plano Danais. Se puede describir como un coleccionista por naturaleza, amante de los autom\u00f3viles, del automovilismo deportivo y en especial de los rallyes. Vinculado al mundo cervecero desde la cuna. Con una compleja influencia &hellip; <a href=\"https:\/\/www.historiacocina.com\/es\/ricardo-plano\">Sigue leyendo <span class=\"meta-nav\">&rarr;<\/span><\/a><\/p>\n","protected":false},"author":1,"featured_media":0,"parent":0,"menu_order":0,"comment_status":"closed","ping_status":"closed","template":"","meta":{"_mi_skip_tracking":false,"_exactmetrics_sitenote_active":false,"_exactmetrics_sitenote_note":"","_exactmetrics_sitenote_category":0},"aioseo_notices":[],"_links":{"self":[{"href":"https:\/\/www.historiacocina.com\/es\/wp-json\/wp\/v2\/pages\/2069"}],"collection":[{"href":"https:\/\/www.historiacocina.com\/es\/wp-json\/wp\/v2\/pages"}],"about":[{"href":"https:\/\/www.historiacocina.com\/es\/wp-json\/wp\/v2\/types\/page"}],"author":[{"embeddable":true,"href":"https:\/\/www.historiacocina.com\/es\/wp-json\/wp\/v2\/users\/1"}],"replies":[{"embeddable":true,"href":"https:\/\/www.historiacocina.com\/es\/wp-json\/wp\/v2\/comments?post=2069"}],"version-history":[{"count":5,"href":"https:\/\/www.historiacocina.com\/es\/wp-json\/wp\/v2\/pages\/2069\/revisions"}],"predecessor-version":[{"id":2081,"href":"https:\/\/www.historiacocina.com\/es\/wp-json\/wp\/v2\/pages\/2069\/revisions\/2081"}],"wp:attachment":[{"href":"https:\/\/www.historiacocina.com\/es\/wp-json\/wp\/v2\/media?parent=2069"}],"curies":[{"name":"wp","href":"https:\/\/api.w.org\/{rel}","templated":true}]}}

<p style="text-align: left;" align="center"><a href="http://www.historiacocina.com/es/wp-content/uploads/2012/05/Ricardo-Plano-foto.jpg"><img decoding="async" loading="lazy" class="alignleft size-full wp-image-2080" title="Ricardo Plano Danais" src="http://www.historiacocina.com/es/wp-content/uploads/2012/05/Ricardo-Plano-foto.jpg" alt="" width="374" height="447" srcset="https://www.historiacocina.com/es/wp-content/uploads/2012/05/Ricardo-Plano-foto.jpg 374w, https://www.historiacocina.com/es/wp-content/uploads/2012/05/Ricardo-Plano-foto-251x300.jpg 251w" sizes="(max-width: 374px) 100vw, 374px" /></a>Correo de contacto: <em><a href="mailto:minicord@yahoo.com?subject=Sobre%20la%20cerveza%20en%20Colombia">minicord@yahoo.com</a></em></p>
<p style="text-align: left;" align="center"><strong>Sobre Ricardo Plano Danais</strong>.</p>
<p style="text-align: left;" align="center">Se puede describir como un coleccionista por naturaleza, amante de los automóviles, del automovilismo deportivo y en especial de los rallyes. Vinculado al mundo cervecero desde la cuna.</p>
<p style="text-align: left;" align="center">Con una compleja influencia de su triple nacionalidad de argentino-colombo-canadiense. Nació en Buenos Aires, Argentina, en el año 1948, de padres canadienses, sus primeros once años vividos en el barrio interno de la Cervecería Bieckert. Luego la familia se traslada a Bogotá, Colombia, en donde transcurren sus 41 siguientes años, graduándose como Ingeniero Civil, se casa, nacen su hijo y su hija. Con la Cervecería Andina continua su influencia cervecera. Hoy en día vive con su familia en la ciudad de Gatineau en Canadá.</p>
<p style="text-align: left;" align="center">Tanto su padre Amédée Plano y su hermano Roberto Plano fueron Maestros Cerveceros, Ingenieros Especializados en Fermentación de la Universidad de Gante en Bélgica.</p>
<p style="text-align: left;" align="center">Coleccionista de todo lo relacionado con la cerveza, en este momento solo dedicado a las colecciones de Argentina, Colombia y Panamá.</p>

<p>Correo de contacto: minicord@yahoo.com Sobre Ricardo Plano Danais. Se puede describir como un coleccionista por naturaleza, amante de los automóviles, del automovilismo deportivo y en especial de los rallyes. Vinculado al mundo cervecero desde la cuna. Con una compleja influencia &hellip; <a href="https://www.historiacocina.com/es/ricardo-plano">Sigue leyendo <span class="meta-nav">&rarr;</span></a></p>
