{"id":3171,"date":"2012-06-09T17:55:57","date_gmt":"2012-06-09T15:55:57","guid":{"rendered":"http:\/\/www.historiacocina.com\/es\/?page_id=3171"},"modified":"2012-06-09T17:59:29","modified_gmt":"2012-06-09T15:59:29","slug":"gacriela-pacheco","status":"publish","type":"page","link":"https:\/\/www.historiacocina.com\/es\/somos-2\/gacriela-pacheco","title":{"rendered":"Graciela Pacheco de Balbastro"},"content":{"rendered":"<p style=\"text-align: justify;\"><img decoding=\"async\" loading=\"lazy\" class=\"alignleft size-full wp-image-3172\" title=\"Gacriela Pacheco de Balbastro\" src=\"http:\/\/www.historiacocina.com\/es\/wp-content\/uploads\/2012\/06\/graciela.jpg\" alt=\"\" width=\"100\" height=\"124\" \/>Graciela Pacheco de Balbastro es profesora en Letras. Ha sido funcionaria del Ministerio de Cultura y Educaci\u00f3n de la provincia de Santa Fe. Ha dictado numerosas conferencias y cursos en su pa\u00eds y en el extranjero. Durante varios a\u00f1os produjo y condujo el programa de radio \u201cLetra Impresa\u201d. Tuvo a su cargo un micro radial en el programa \u201cCampamento Litoral\u201d. Sus art\u00edculos han sido publicados en las mejores revistas y peri\u00f3dicos de su pa\u00eds.<\/p>\n<p style=\"text-align: justify;\">Es autora de numerosos libros: Floresta nueva de leyendas viejas, editorial El Ateneo, El libero Arbitrio de Melibea, Las piedras vienen contando, editorial Alsina, La palabra viento en popa, Universidad Peruana, Shhhhhh&#8230; estamos narrando, (Inst. cult. Hisp.) Cuentos en escalera, Inst. cult. Hisp, 2006,\u00a0 Antolog\u00eda Narrativa, Gobierno de Cantabria, 2007.\u00a0 Ha sido Faja de Honor de la ASDE por su libro Floresta nueva de leyendas viejas.\u00a0 Su libro \u00abLas piedras vienen contando&#8230;\u00bb ha sido traducido al bengal\u00ed y se usa en escuelas de la India.<\/p>\n<p style=\"text-align: justify;\">El embajador de la India present\u00f3 este libro en Santa Fe en el a\u00f1o 2000.<\/p>\n<p style=\"text-align: justify;\">Su obra literaria y la difusi\u00f3n que ha hecho en el extranjero de las letras latinoamericanas le ha valido que la Publishers &amp; Booksellers Guild la haya premiado con el Certificate of Honour, distinci\u00f3n que le fue entregada en Santa Fe por el director de este Centro el 10 de agosto de 2.000.<\/p>\n<p style=\"text-align: justify;\">En el acto de presentaci\u00f3n de su libro en bengal\u00ed, en el que el Ministro de Educaci\u00f3n y el Embajador de la India, honraban ese acontecimiento, la Municipalidad de la Ciudad de Santa Fe le hizo entrega de una distinci\u00f3n, consider\u00e1ndola Ciudadana Destacada.<\/p>\n<p style=\"text-align: justify;\">Cuando los Reyes de Espa\u00f1a estuvieron en la ciudad de Rosario con motivo del III congreso Internacional de\u00a0 la Lengua Espa\u00f1ola, a\u00f1o 2004,\u00a0 dieron una recepci\u00f3n para un grupo de santafesinos y santafesinas. La Sra. de Balbastro fue una de las invitadas en \u00abreconocimiento a su labor cultural\u00bb.<\/p>\n<p style=\"text-align: justify;\">Asistiendo a jornadas en la ciudad de Resistencia fue declarada Visitante Ilustre por la Municipalidad de esa ciudad en el 2006.<\/p>\n<p style=\"text-align: justify;\">La C\u00e1mara de Diputados del Chaco le hizo entrega de un recordatorio de su visita a la provincia, por considerarla Visitante Distinguida.<\/p>\n<p style=\"text-align: justify;\">El d\u00eda 8 de marzo de 2007, D\u00eda Internacional de la Mujer, recibi\u00f3 un homenaje de la Fundaci\u00f3n Centro (de las Provincias de C\u00f3rdoba, Santa Fe y Entre R\u00edos), distingui\u00e9ndola como Mujer Ilustre de la Cultura<\/p>\n<p style=\"text-align: justify;\">Es presidenta del Instituto de Cultura Hisp\u00e1nica de Santa Fe y Presidenta del la Casa de la India para El Litoral.<\/p>\n<p style=\"text-align: justify;\">La Editorial Fundalea de Venezuela la ha elegido para integrar dos antolog\u00edas. El Banco del Libro eligi\u00f3 que fuese la Sra. de Balbastro quien organizase\u00a0 en Santa Fe el lanzamiento latinoamericano de estas antolog\u00edas.<\/p>\n<p style=\"text-align: justify;\">El 11 y el 12 de mayo de este a\u00f1o el Gobierno de Cantabria, Espa\u00f1a, la recibi\u00f3 para que diese una conferencia el d\u00eda de la presentaci\u00f3n de las Antolog\u00edas que Cultura le encargara.<\/p>\n","protected":false},"excerpt":{"rendered":"<p>Graciela Pacheco de Balbastro es profesora en Letras. Ha sido funcionaria del Ministerio de Cultura y Educaci\u00f3n de la provincia de Santa Fe. Ha dictado numerosas conferencias y cursos en su pa\u00eds y en el extranjero. Durante varios a\u00f1os produjo &hellip; <a href=\"https:\/\/www.historiacocina.com\/es\/somos-2\/gacriela-pacheco\">Sigue leyendo <span class=\"meta-nav\">&rarr;<\/span><\/a><\/p>\n","protected":false},"author":1,"featured_media":0,"parent":2209,"menu_order":0,"comment_status":"closed","ping_status":"closed","template":"","meta":{"_mi_skip_tracking":false,"_exactmetrics_sitenote_active":false,"_exactmetrics_sitenote_note":"","_exactmetrics_sitenote_category":0},"aioseo_notices":[],"_links":{"self":[{"href":"https:\/\/www.historiacocina.com\/es\/wp-json\/wp\/v2\/pages\/3171"}],"collection":[{"href":"https:\/\/www.historiacocina.com\/es\/wp-json\/wp\/v2\/pages"}],"about":[{"href":"https:\/\/www.historiacocina.com\/es\/wp-json\/wp\/v2\/types\/page"}],"author":[{"embeddable":true,"href":"https:\/\/www.historiacocina.com\/es\/wp-json\/wp\/v2\/users\/1"}],"replies":[{"embeddable":true,"href":"https:\/\/www.historiacocina.com\/es\/wp-json\/wp\/v2\/comments?post=3171"}],"version-history":[{"count":3,"href":"https:\/\/www.historiacocina.com\/es\/wp-json\/wp\/v2\/pages\/3171\/revisions"}],"predecessor-version":[{"id":3174,"href":"https:\/\/www.historiacocina.com\/es\/wp-json\/wp\/v2\/pages\/3171\/revisions\/3174"}],"up":[{"embeddable":true,"href":"https:\/\/www.historiacocina.com\/es\/wp-json\/wp\/v2\/pages\/2209"}],"wp:attachment":[{"href":"https:\/\/www.historiacocina.com\/es\/wp-json\/wp\/v2\/media?parent=3171"}],"curies":[{"name":"wp","href":"https:\/\/api.w.org\/{rel}","templated":true}]}}

<p style="text-align: justify;"><img decoding="async" loading="lazy" class="alignleft size-full wp-image-3172" title="Gacriela Pacheco de Balbastro" src="http://www.historiacocina.com/es/wp-content/uploads/2012/06/graciela.jpg" alt="" width="100" height="124" />Graciela Pacheco de Balbastro es profesora en Letras. Ha sido funcionaria del Ministerio de Cultura y Educación de la provincia de Santa Fe. Ha dictado numerosas conferencias y cursos en su país y en el extranjero. Durante varios años produjo y condujo el programa de radio “Letra Impresa”. Tuvo a su cargo un micro radial en el programa “Campamento Litoral”. Sus artículos han sido publicados en las mejores revistas y periódicos de su país.</p>
<p style="text-align: justify;">Es autora de numerosos libros: Floresta nueva de leyendas viejas, editorial El Ateneo, El libero Arbitrio de Melibea, Las piedras vienen contando, editorial Alsina, La palabra viento en popa, Universidad Peruana, Shhhhhh&#8230; estamos narrando, (Inst. cult. Hisp.) Cuentos en escalera, Inst. cult. Hisp, 2006,  Antología Narrativa, Gobierno de Cantabria, 2007.  Ha sido Faja de Honor de la ASDE por su libro Floresta nueva de leyendas viejas.  Su libro «Las piedras vienen contando&#8230;» ha sido traducido al bengalí y se usa en escuelas de la India.</p>
<p style="text-align: justify;">El embajador de la India presentó este libro en Santa Fe en el año 2000.</p>
<p style="text-align: justify;">Su obra literaria y la difusión que ha hecho en el extranjero de las letras latinoamericanas le ha valido que la Publishers &amp; Booksellers Guild la haya premiado con el Certificate of Honour, distinción que le fue entregada en Santa Fe por el director de este Centro el 10 de agosto de 2.000.</p>
<p style="text-align: justify;">En el acto de presentación de su libro en bengalí, en el que el Ministro de Educación y el Embajador de la India, honraban ese acontecimiento, la Municipalidad de la Ciudad de Santa Fe le hizo entrega de una distinción, considerándola Ciudadana Destacada.</p>
<p style="text-align: justify;">Cuando los Reyes de España estuvieron en la ciudad de Rosario con motivo del III congreso Internacional de  la Lengua Española, año 2004,  dieron una recepción para un grupo de santafesinos y santafesinas. La Sra. de Balbastro fue una de las invitadas en «reconocimiento a su labor cultural».</p>
<p style="text-align: justify;">Asistiendo a jornadas en la ciudad de Resistencia fue declarada Visitante Ilustre por la Municipalidad de esa ciudad en el 2006.</p>
<p style="text-align: justify;">La Cámara de Diputados del Chaco le hizo entrega de un recordatorio de su visita a la provincia, por considerarla Visitante Distinguida.</p>
<p style="text-align: justify;">El día 8 de marzo de 2007, Día Internacional de la Mujer, recibió un homenaje de la Fundación Centro (de las Provincias de Córdoba, Santa Fe y Entre Ríos), distinguiéndola como Mujer Ilustre de la Cultura</p>
<p style="text-align: justify;">Es presidenta del Instituto de Cultura Hispánica de Santa Fe y Presidenta del la Casa de la India para El Litoral.</p>
<p style="text-align: justify;">La Editorial Fundalea de Venezuela la ha elegido para integrar dos antologías. El Banco del Libro eligió que fuese la Sra. de Balbastro quien organizase  en Santa Fe el lanzamiento latinoamericano de estas antologías.</p>
<p style="text-align: justify;">El 11 y el 12 de mayo de este año el Gobierno de Cantabria, España, la recibió para que diese una conferencia el día de la presentación de las Antologías que Cultura le encargara.</p>

<p>Graciela Pacheco de Balbastro es profesora en Letras. Ha sido funcionaria del Ministerio de Cultura y Educación de la provincia de Santa Fe. Ha dictado numerosas conferencias y cursos en su país y en el extranjero. Durante varios años produjo &hellip; <a href="https://www.historiacocina.com/es/somos-2/gacriela-pacheco">Sigue leyendo <span class="meta-nav">&rarr;</span></a></p>
