{"id":3472,"date":"2012-06-29T23:34:15","date_gmt":"2012-06-29T21:34:15","guid":{"rendered":"http:\/\/www.historiacocina.com\/es\/?page_id=3472"},"modified":"2012-08-03T00:40:10","modified_gmt":"2012-08-02T22:40:10","slug":"historia-de-la-gastronomia-de-alemania","status":"publish","type":"page","link":"https:\/\/www.historiacocina.com\/es\/gastronomia-por-paises\/historia-de-la-gastronomia-de-alemania","title":{"rendered":"Historia de la gastronom\u00eda de Alemania"},"content":{"rendered":"<table border=\"0\">\n<tbody>\n<tr style=\"background-color: #e7d354;\" align=\"middle\" valign=\"top\">\n<td><a style=\"font-style: normal; line-height: 24px; text-decoration: underline; text-align: -webkit-auto;\" href=\"https:\/\/www.historiacocina.com\/es\/biografia-del-conde-de-rumford\"><span style=\"color: #000000;\">\u00a0<\/span><\/a><\/td>\n<td>\n<p style=\"text-align: center;\"><span style=\"color: #000000;\"><a href=\"https:\/\/www.historiacocina.com\/es\/alimentacionde-los-soldados-en-baviera-alemania-a-finales-del-siglo-xviii-y-el-conde-de-rumford\"><span style=\"color: #000000;\">\u00a0<\/span><\/a><strong>Monogr\u00e1fico dedicado a Benjamin Thompson, <\/strong><\/span><strong><span style=\"color: #000000;\">Conde de Rumford<\/span><\/strong><\/p>\n<\/td>\n<td>\n<p style=\"text-align: center;\"><span style=\"color: #000000;\"><a href=\"https:\/\/www.historiacocina.com\/es\/alimentacionde-los-soldados-en-baviera-alemania-a-finales-del-siglo-xviii-y-el-conde-de-rumford\"><span style=\"color: #000000;\">\u00a0<\/span><\/a><\/span><\/p>\n<\/td>\n<td>\u00a0<\/td>\n<\/tr>\n<tr align=\"middle\" valign=\"top\">\n<td><a style=\"font-style: normal; line-height: 24px; text-decoration: underline; text-align: -webkit-auto;\" href=\"https:\/\/www.historiacocina.com\/es\/biografia-del-conde-de-rumford\"><span style=\"color: #000000;\">Biograf\u00eda del conde de Rumford, un yanqui en la corte del rey de Prusia y su lucha contra el hambre<\/span><\/a><\/td>\n<td><span style=\"color: #000000;\"><a href=\"https:\/\/www.historiacocina.com\/es\/alimentacionde-los-soldados-en-baviera-alemania-a-finales-del-siglo-xviii-y-el-conde-de-rumford\"><span style=\"color: #000000;\">Historia de una revoluci\u00f3n en la alimentaci\u00f3n y el hambre de los soldados en Baviera a finales del siglo XVIII y el conde de Rumford<\/span><\/a><\/span><\/td>\n<td><span style=\"color: #000000;\"><a href=\"https:\/\/www.historiacocina.com\/es\/alimentacionde-los-soldados-en-baviera-alemania-a-finales-del-siglo-xviii-y-el-conde-de-rumford\"><span style=\"color: #000000;\">\u00a0<\/span><\/a>Historia del ma\u00edz en Europa\u00a0<\/span><\/td>\n<td>\u00a0<\/td>\n<\/tr>\n<tr align=\"middle\" valign=\"top\">\n<td><a style=\"font-style: normal; line-height: 24px; text-decoration: underline; text-align: -webkit-auto;\" href=\"https:\/\/www.historiacocina.com\/es\/historia-de-foie-gras\"><span style=\"color: #000000;\">La verdadera historia del foie gras<\/span><\/a><\/td>\n<td>\u00a0<\/td>\n<td>\u00a0<\/td>\n<td>\u00a0<\/td>\n<\/tr>\n<\/tbody>\n<\/table>\n<p>&nbsp;<\/p>\n","protected":false},"excerpt":{"rendered":"<p>\u00a0 \u00a0Monogr\u00e1fico dedicado a Benjamin Thompson, Conde de Rumford \u00a0 \u00a0 Biograf\u00eda del conde de Rumford, un yanqui en la corte del rey de Prusia y su lucha contra el hambre Historia de una revoluci\u00f3n en la alimentaci\u00f3n y el &hellip; <a href=\"https:\/\/www.historiacocina.com\/es\/gastronomia-por-paises\/historia-de-la-gastronomia-de-alemania\">Sigue leyendo <span class=\"meta-nav\">&rarr;<\/span><\/a><\/p>\n","protected":false},"author":1,"featured_media":0,"parent":1489,"menu_order":0,"comment_status":"open","ping_status":"closed","template":"","meta":{"_mi_skip_tracking":false,"_exactmetrics_sitenote_active":false,"_exactmetrics_sitenote_note":"","_exactmetrics_sitenote_category":0},"aioseo_notices":[],"_links":{"self":[{"href":"https:\/\/www.historiacocina.com\/es\/wp-json\/wp\/v2\/pages\/3472"}],"collection":[{"href":"https:\/\/www.historiacocina.com\/es\/wp-json\/wp\/v2\/pages"}],"about":[{"href":"https:\/\/www.historiacocina.com\/es\/wp-json\/wp\/v2\/types\/page"}],"author":[{"embeddable":true,"href":"https:\/\/www.historiacocina.com\/es\/wp-json\/wp\/v2\/users\/1"}],"replies":[{"embeddable":true,"href":"https:\/\/www.historiacocina.com\/es\/wp-json\/wp\/v2\/comments?post=3472"}],"version-history":[{"count":10,"href":"https:\/\/www.historiacocina.com\/es\/wp-json\/wp\/v2\/pages\/3472\/revisions"}],"predecessor-version":[{"id":3595,"href":"https:\/\/www.historiacocina.com\/es\/wp-json\/wp\/v2\/pages\/3472\/revisions\/3595"}],"up":[{"embeddable":true,"href":"https:\/\/www.historiacocina.com\/es\/wp-json\/wp\/v2\/pages\/1489"}],"wp:attachment":[{"href":"https:\/\/www.historiacocina.com\/es\/wp-json\/wp\/v2\/media?parent=3472"}],"curies":[{"name":"wp","href":"https:\/\/api.w.org\/{rel}","templated":true}]}}

Historia de la gastronomía de Alemania

<table border="0">
<tbody>
<tr style="background-color: #e7d354;" align="middle" valign="top">
<td><a style="font-style: normal; line-height: 24px; text-decoration: underline; text-align: -webkit-auto;" href="https://www.historiacocina.com/es/biografia-del-conde-de-rumford"><span style="color: #000000;"> </span></a></td>
<td>
<p style="text-align: center;"><span style="color: #000000;"><a href="https://www.historiacocina.com/es/alimentacionde-los-soldados-en-baviera-alemania-a-finales-del-siglo-xviii-y-el-conde-de-rumford"><span style="color: #000000;"> </span></a><strong>Monográfico dedicado a Benjamin Thompson, </strong></span><strong><span style="color: #000000;">Conde de Rumford</span></strong></p>
</td>
<td>
<p style="text-align: center;"><span style="color: #000000;"><a href="https://www.historiacocina.com/es/alimentacionde-los-soldados-en-baviera-alemania-a-finales-del-siglo-xviii-y-el-conde-de-rumford"><span style="color: #000000;"> </span></a></span></p>
</td>
<td> </td>
</tr>
<tr align="middle" valign="top">
<td><a style="font-style: normal; line-height: 24px; text-decoration: underline; text-align: -webkit-auto;" href="https://www.historiacocina.com/es/biografia-del-conde-de-rumford"><span style="color: #000000;">Biografía del conde de Rumford, un yanqui en la corte del rey de Prusia y su lucha contra el hambre</span></a></td>
<td><span style="color: #000000;"><a href="https://www.historiacocina.com/es/alimentacionde-los-soldados-en-baviera-alemania-a-finales-del-siglo-xviii-y-el-conde-de-rumford"><span style="color: #000000;">Historia de una revolución en la alimentación y el hambre de los soldados en Baviera a finales del siglo XVIII y el conde de Rumford</span></a></span></td>
<td><span style="color: #000000;"><a href="https://www.historiacocina.com/es/alimentacionde-los-soldados-en-baviera-alemania-a-finales-del-siglo-xviii-y-el-conde-de-rumford"><span style="color: #000000;"> </span></a>Historia del maíz en Europa </span></td>
<td> </td>
</tr>
<tr align="middle" valign="top">
<td><a style="font-style: normal; line-height: 24px; text-decoration: underline; text-align: -webkit-auto;" href="https://www.historiacocina.com/es/historia-de-foie-gras"><span style="color: #000000;">La verdadera historia del foie gras</span></a></td>
<td> </td>
<td> </td>
<td> </td>
</tr>
</tbody>
</table>
<p>&nbsp;</p>

<p>   Monográfico dedicado a Benjamin Thompson, Conde de Rumford     Biografía del conde de Rumford, un yanqui en la corte del rey de Prusia y su lucha contra el hambre Historia de una revolución en la alimentación y el &hellip; <a href="https://www.historiacocina.com/es/gastronomia-por-paises/historia-de-la-gastronomia-de-alemania">Sigue leyendo <span class="meta-nav">&rarr;</span></a></p>
