{"id":8122,"date":"2016-04-07T12:58:41","date_gmt":"2016-04-07T10:58:41","guid":{"rendered":"http:\/\/www.historiacocina.com\/es\/?page_id=8122"},"modified":"2017-08-03T12:13:11","modified_gmt":"2017-08-03T10:13:11","slug":"roberto-xalabarder-coca","status":"publish","type":"page","link":"https:\/\/www.historiacocina.com\/es\/somos-2\/roberto-xalabarder-coca","title":{"rendered":"Roberto Xalabarder Coca"},"content":{"rendered":"<p><img decoding=\"async\" loading=\"lazy\" class=\"alignleft size-full wp-image-8123\" src=\"http:\/\/www.historiacocina.com\/es\/wp-content\/uploads\/2016\/04\/salabardel.jpg\" alt=\"salabardel\" width=\"500\" height=\"343\" srcset=\"https:\/\/www.historiacocina.com\/es\/wp-content\/uploads\/2016\/04\/salabardel.jpg 500w, https:\/\/www.historiacocina.com\/es\/wp-content\/uploads\/2016\/04\/salabardel-300x206.jpg 300w, https:\/\/www.historiacocina.com\/es\/wp-content\/uploads\/2016\/04\/salabardel-437x300.jpg 437w\" sizes=\"(max-width: 500px) 100vw, 500px\" \/><\/p>\n<p><strong>CURRICULUM<\/strong><\/p>\n<p>Roberto Xalabarder Coca<\/p>\n<p>Barcelona 7\/02\/1930<\/p>\n<p>Nuestro compa\u00f1ero falleci\u00f3 en Julio de 2017, dejando un gran vac\u00edo en nuestros corazones.<\/p>\n<p><strong>FORMACI\u00d3N<\/strong><\/p>\n<p>. 1954\u00a0 Qu\u00edmico I.Q.S. (Barcelona)<\/p>\n<p>. 1957\u00a0 Licenciado Farmacia (Universidad Barcelona)<\/p>\n<p>. 1958\u00a0 T\u00e9cnico Bromat\u00f3logo (Universidad Complutense, Madrid)<\/p>\n<p><strong>PROFESIONAL<\/strong><\/p>\n<p>1957-1975\u00a0 Director T\u00e9cnico Laboratorios Farmac\u00e9uticos.<\/p>\n<p>1975-1991\u00a0 Director T\u00e9cnico Hispanoland i, por fusi\u00f3n, Grupo<\/p>\n<p>Adroer (aditivos alimentarios).<\/p>\n<p>1991-1997\u00a0 Director de I+D de las multinacionales: Sanofi y<\/p>\n<p>Degussa (fabricaci\u00f3n y aplicaci\u00f3n aditivos alimentarios).<\/p>\n<p><strong>OTRAS ACTIVIDADES POST-JUBILACI\u00d3N<\/strong><\/p>\n<p>. Presidente de AFCA (Asociaci\u00f3n de Fabricantes de<\/p>\n<p>Complementos Alimentarios durante 17 a\u00f1os)<\/p>\n<p>. Co-Director de los Cursos de Formaci\u00f3n de la Escuela Nacional<\/p>\n<p>de Sanidad (Madrid).<\/p>\n<p>. Profesor de los Master de Alimentaci\u00f3n de Madrid (CESIF,<\/p>\n<p>Facultad de Veterinaria), Burgos (Facultad de Qu\u00edmicas) y<\/p>\n<p>Granada (Facultad de Farmacia).<\/p>\n<p>. Innumerables clases, conferencias, mesas redondas, seminarios<\/p>\n<p>por toda Espa\u00f1a y por Francia, UK, Polonia, Dinamarca,<\/p>\n<p>B\u00e9lgica, Alemania, Portugal, Argentina, Cuba y Costa-Rica.<\/p>\n<p>&#8211; Consultor particular y como miembro de la Agencia Catalana de Seguridad Alimentaria.<\/p>\n<p>&nbsp;<\/p>\n<p>&nbsp;<\/p>\n","protected":false},"excerpt":{"rendered":"<p>CURRICULUM Roberto Xalabarder Coca Barcelona 7\/02\/1930 Nuestro compa\u00f1ero falleci\u00f3 en Julio de 2017, dejando un gran vac\u00edo en nuestros corazones. FORMACI\u00d3N . 1954\u00a0 Qu\u00edmico I.Q.S. (Barcelona) . 1957\u00a0 Licenciado Farmacia (Universidad Barcelona) . 1958\u00a0 T\u00e9cnico Bromat\u00f3logo (Universidad Complutense, Madrid) PROFESIONAL &hellip; <a href=\"https:\/\/www.historiacocina.com\/es\/somos-2\/roberto-xalabarder-coca\">Sigue leyendo <span class=\"meta-nav\">&rarr;<\/span><\/a><\/p>\n","protected":false},"author":1,"featured_media":0,"parent":2209,"menu_order":0,"comment_status":"closed","ping_status":"closed","template":"","meta":{"_mi_skip_tracking":false,"_exactmetrics_sitenote_active":false,"_exactmetrics_sitenote_note":"","_exactmetrics_sitenote_category":0},"aioseo_notices":[],"_links":{"self":[{"href":"https:\/\/www.historiacocina.com\/es\/wp-json\/wp\/v2\/pages\/8122"}],"collection":[{"href":"https:\/\/www.historiacocina.com\/es\/wp-json\/wp\/v2\/pages"}],"about":[{"href":"https:\/\/www.historiacocina.com\/es\/wp-json\/wp\/v2\/types\/page"}],"author":[{"embeddable":true,"href":"https:\/\/www.historiacocina.com\/es\/wp-json\/wp\/v2\/users\/1"}],"replies":[{"embeddable":true,"href":"https:\/\/www.historiacocina.com\/es\/wp-json\/wp\/v2\/comments?post=8122"}],"version-history":[{"count":6,"href":"https:\/\/www.historiacocina.com\/es\/wp-json\/wp\/v2\/pages\/8122\/revisions"}],"predecessor-version":[{"id":8799,"href":"https:\/\/www.historiacocina.com\/es\/wp-json\/wp\/v2\/pages\/8122\/revisions\/8799"}],"up":[{"embeddable":true,"href":"https:\/\/www.historiacocina.com\/es\/wp-json\/wp\/v2\/pages\/2209"}],"wp:attachment":[{"href":"https:\/\/www.historiacocina.com\/es\/wp-json\/wp\/v2\/media?parent=8122"}],"curies":[{"name":"wp","href":"https:\/\/api.w.org\/{rel}","templated":true}]}}

<p><img decoding="async" loading="lazy" class="alignleft size-full wp-image-8123" src="http://www.historiacocina.com/es/wp-content/uploads/2016/04/salabardel.jpg" alt="salabardel" width="500" height="343" srcset="https://www.historiacocina.com/es/wp-content/uploads/2016/04/salabardel.jpg 500w, https://www.historiacocina.com/es/wp-content/uploads/2016/04/salabardel-300x206.jpg 300w, https://www.historiacocina.com/es/wp-content/uploads/2016/04/salabardel-437x300.jpg 437w" sizes="(max-width: 500px) 100vw, 500px" /></p>
<p><strong>CURRICULUM</strong></p>
<p>Roberto Xalabarder Coca</p>
<p>Barcelona 7/02/1930</p>
<p>Nuestro compañero falleció en Julio de 2017, dejando un gran vacío en nuestros corazones.</p>
<p><strong>FORMACIÓN</strong></p>
<p>. 1954  Químico I.Q.S. (Barcelona)</p>
<p>. 1957  Licenciado Farmacia (Universidad Barcelona)</p>
<p>. 1958  Técnico Bromatólogo (Universidad Complutense, Madrid)</p>
<p><strong>PROFESIONAL</strong></p>
<p>1957-1975  Director Técnico Laboratorios Farmacéuticos.</p>
<p>1975-1991  Director Técnico Hispanoland i, por fusión, Grupo</p>
<p>Adroer (aditivos alimentarios).</p>
<p>1991-1997  Director de I+D de las multinacionales: Sanofi y</p>
<p>Degussa (fabricación y aplicación aditivos alimentarios).</p>
<p><strong>OTRAS ACTIVIDADES POST-JUBILACIÓN</strong></p>
<p>. Presidente de AFCA (Asociación de Fabricantes de</p>
<p>Complementos Alimentarios durante 17 años)</p>
<p>. Co-Director de los Cursos de Formación de la Escuela Nacional</p>
<p>de Sanidad (Madrid).</p>
<p>. Profesor de los Master de Alimentación de Madrid (CESIF,</p>
<p>Facultad de Veterinaria), Burgos (Facultad de Químicas) y</p>
<p>Granada (Facultad de Farmacia).</p>
<p>. Innumerables clases, conferencias, mesas redondas, seminarios</p>
<p>por toda España y por Francia, UK, Polonia, Dinamarca,</p>
<p>Bélgica, Alemania, Portugal, Argentina, Cuba y Costa-Rica.</p>
<p>&#8211; Consultor particular y como miembro de la Agencia Catalana de Seguridad Alimentaria.</p>
<p>&nbsp;</p>
<p>&nbsp;</p>

<p>CURRICULUM Roberto Xalabarder Coca Barcelona 7/02/1930 Nuestro compañero falleció en Julio de 2017, dejando un gran vacío en nuestros corazones. FORMACIÓN . 1954  Químico I.Q.S. (Barcelona) . 1957  Licenciado Farmacia (Universidad Barcelona) . 1958  Técnico Bromatólogo (Universidad Complutense, Madrid) PROFESIONAL &hellip; <a href="https://www.historiacocina.com/es/somos-2/roberto-xalabarder-coca">Sigue leyendo <span class="meta-nav">&rarr;</span></a></p>
